{"id":314,"date":"2025-07-28T19:41:09","date_gmt":"2025-07-28T19:41:09","guid":{"rendered":"https:\/\/www.ferma100.al\/?page_id=314"},"modified":"2025-08-11T22:12:31","modified_gmt":"2025-08-11T22:12:31","slug":"koncerte","status":"publish","type":"page","link":"https:\/\/www.ferma100.al\/en\/koncerte\/","title":{"rendered":"Concerts"},"content":{"rendered":"<section class=\"l-section wpb_row us_custom_bd817387 height_auto with_video\"><div id=\"us_bg_video_me63\" class=\"l-section-video\"><script>!function(w){var node = document.getElementById( 'us_bg_video_me63' );if ( w.innerWidth <= 100 ) { node.remove() }}(window);<\/script><style>@media(max-width:100px){#us_bg_video_me63{display:none!important}}<\/style><video  autoplay loop muted playsinline preload=\"auto\"><source type=\"video\/mp4\" src=\"https:\/\/www.ferma100.al\/wp-content\/uploads\/2025\/07\/SnapInsta.to_AQNnNW5DpjflU2ZVpis5XrJYnJpp1mayFvl7VSOpuXI0bYna2cWgsTPUM5ABwzmuJekl3lESuhKJ_ivbQEvYzzojDTqTYYJWWyx8bm0.mp4\" \/><\/video><\/div><div class=\"l-section-overlay\" style=\"background:linear-gradient(90deg,rgba(125,89,73,0.50),rgba(0,0,0,0.50))\"><\/div><div class=\"l-section-h i-cf\"><div class=\"g-cols vc_row via_flex valign_top type_default stacking_default\"><div class=\"vc_col-sm-12 wpb_column vc_column_container\"><div class=\"vc_column-inner\"><div class=\"wpb_wrapper\"><div class=\"w-separator size_custom\" style=\"height:200px\"><\/div><div class=\"wpb_text_column us_custom_6ace9d5d has_text_color\"><div class=\"wpb_wrapper\"><p>Concerts<\/p>\n<\/div><\/div><div class=\"w-separator size_small\"><\/div><nav class=\"g-breadcrumbs us_custom_21e7c600 has_text_color separator_custom align_left\" itemscope itemtype=\"http:\/\/schema.org\/BreadcrumbList\"><div class=\"g-breadcrumbs-item\" itemscope itemprop=\"itemListElement\" itemtype=\"http:\/\/schema.org\/ListItem\"><a itemprop=\"item\" href=\"https:\/\/www.ferma100.al\/en\/\"><span itemprop=\"name\">Home<\/span><\/a><meta itemprop=\"position\" content=\"1\"\/><\/div><div class=\"g-breadcrumbs-separator\">\/<\/div><div class=\"g-breadcrumbs-item\">Pages<\/div><\/nav><div class=\"w-separator size_custom\" style=\"height:200px\"><\/div><\/div><\/div><\/div><\/div><\/div><\/section><section class=\"l-section wpb_row height_medium\"><div class=\"l-section-h i-cf\"><div class=\"g-cols vc_row via_flex valign_top type_default stacking_default\"><div class=\"vc_col-sm-12 wpb_column vc_column_container\"><div class=\"vc_column-inner\"><div class=\"wpb_wrapper\"><div class=\"wpb_text_column us_custom_f73f4019\"><div class=\"wpb_wrapper\"><p style=\"text-align: center;\">At Ferma100, music is not just a sound, it is an experience. Nights with concerts under the stars, with beloved artists and a magical atmosphere, are the moments when nature and rhythm come together. You have joined us for years in concerts with the most famous names in Albanian music and beyond, so these events have become a tradition at Ferma100.<\/p>\n<\/div><\/div><\/div><\/div><\/div><\/div><\/div><\/section><section class=\"l-section wpb_row height_medium\"><div class=\"l-section-h i-cf\"><div class=\"g-cols vc_row via_flex valign_top type_default stacking_default\"><div class=\"vc_col-sm-12 wpb_column vc_column_container\"><div class=\"vc_column-inner\"><div class=\"wpb_wrapper\"><div class=\"wpb_text_column us_custom_8c5e4691 has_text_color\"><div class=\"wpb_wrapper\"><p style=\"text-align: center;\">Explore Concerts<\/p>\n<\/div><\/div><\/div><\/div><\/div><\/div><\/div><\/section><section class=\"l-section wpb_row height_medium\"><div class=\"l-section-h i-cf\"><div class=\"g-cols vc_row via_flex valign_middle type_default stacking_default\"><div class=\"vc_col-sm-4 wpb_column vc_column_container\"><div class=\"vc_column-inner\"><div class=\"wpb_wrapper\"><div class=\"w-video align_none ratio_initial\"><div class=\"w-video-h\"><video  preload=\"metadata\" playsinline controls><source type=\"video\/mp4\" src=\"https:\/\/www.ferma100.al\/wp-content\/uploads\/2025\/08\/IMG_5112.mp4\" \/><\/video><\/div><div class=\"w-video-icon\" style=\"font-size:1.5rem;background:rgba(0,0,0,0.5);color:#fff\"><\/div><\/div><\/div><\/div><\/div><div class=\"vc_col-sm-4 wpb_column vc_column_container\"><div class=\"vc_column-inner\"><div class=\"wpb_wrapper\"><div class=\"w-video align_none ratio_initial\"><div class=\"w-video-h\"><video  preload=\"metadata\" playsinline controls><source type=\"video\/mp4\" src=\"https:\/\/www.ferma100.al\/wp-content\/uploads\/2025\/07\/SnapInsta.to_AQPvJ_E0tUUjf2VDuUJkQGWFIymhhzDtZA1SvxCY88e9ev-wZwEuv6KndNT6RRWeR2nMeneYzfpLnVufoQPR3FkyQvAC6EPs26JwOls.mp4\" \/><\/video><\/div><div class=\"w-video-icon\" style=\"font-size:1.5rem;background:rgba(0,0,0,0.5);color:#fff\"><\/div><\/div><\/div><\/div><\/div><div class=\"vc_col-sm-4 wpb_column vc_column_container\"><div class=\"vc_column-inner\"><div class=\"wpb_wrapper\"><div class=\"w-video align_none ratio_initial\"><div class=\"w-video-h\"><video  preload=\"metadata\" playsinline controls><source type=\"video\/mp4\" src=\"https:\/\/www.ferma100.al\/wp-content\/uploads\/2025\/07\/SnapInsta.to_AQPusiUiW-PtlZ_HWCeNIypl_CjZ1ryzrkOcyrzyBUYKPz97ICj5D0ehW3J-73UMPgPBoWwDdHLBF4bNwYmwIwl1CNO2chYYAYuEgTE.mp4\" \/><\/video><\/div><div class=\"w-video-icon\" style=\"font-size:1.5rem;background:rgba(0,0,0,0.5);color:#fff\"><\/div><\/div><\/div><\/div><\/div><div class=\"vc_col-sm-4 wpb_column vc_column_container\"><div class=\"vc_column-inner\"><div class=\"wpb_wrapper\"><div class=\"w-video align_none ratio_initial\"><div class=\"w-video-h\"><video  preload=\"metadata\" playsinline controls><source type=\"video\/mp4\" src=\"https:\/\/www.ferma100.al\/wp-content\/uploads\/2025\/07\/SnapInsta.to_AQOatnhneiPfJqYpFk35nHAm3xMkhEzOtnkRkQkP4Anfw-eOwUKj-GAu4CKy3WzI0u1Vody2n-XOSmTPfTtb8DE.mp4\" \/><\/video><\/div><div class=\"w-video-icon\" style=\"font-size:1.5rem;background:rgba(0,0,0,0.5);color:#fff\"><\/div><\/div><\/div><\/div><\/div><div class=\"vc_col-sm-4 wpb_column vc_column_container\"><div class=\"vc_column-inner us_custom_0f8f44b7\"><div class=\"wpb_wrapper\"><div class=\"w-video align_none ratio_initial\"><div class=\"w-video-h\"><video  preload=\"metadata\" playsinline controls><source type=\"video\/mp4\" src=\"https:\/\/www.ferma100.al\/wp-content\/uploads\/2025\/07\/SnapInsta.to_AQO_MQFWOy0lQ6dZ_0WeIGW1PIlJN9HDDbp0EqROeg3T0OPAvT7tjBPijV4bKDWGGYUS_CaBGSc-equP7rB8wSTKTUgB4NCnel67G78.mp4\" \/><\/video><\/div><div class=\"w-video-icon\" style=\"font-size:1.5rem;background:rgba(0,0,0,0.5);color:#fff\"><\/div><\/div><\/div><\/div><\/div><div class=\"vc_col-sm-4 wpb_column vc_column_container\"><div class=\"vc_column-inner us_custom_0f8f44b7\"><div class=\"wpb_wrapper\"><div class=\"w-video align_none ratio_initial\"><div class=\"w-video-h\"><video  preload=\"metadata\" playsinline controls><source type=\"video\/mp4\" src=\"https:\/\/www.ferma100.al\/wp-content\/uploads\/2025\/07\/SnapInsta.to_AQNgFGTtfEtiS6oHSjoMe-dmIKjYuKYFM7YEsLUFXvQxQWHx0kX7gf-F0XsMrK9V_o41UIMTh0LF2UY_70kmn0ytMjB_G5bgEpLVrFU.mp4\" \/><\/video><\/div><div class=\"w-video-icon\" style=\"font-size:1.5rem;background:rgba(0,0,0,0.5);color:#fff\"><\/div><\/div><\/div><\/div><\/div><div class=\"vc_col-sm-4 wpb_column vc_column_container\"><div class=\"vc_column-inner us_custom_0f8f44b7\"><div class=\"wpb_wrapper\"><div class=\"w-video align_none ratio_initial\"><div class=\"w-video-h\"><video  preload=\"metadata\" playsinline controls><source type=\"video\/mp4\" src=\"https:\/\/www.ferma100.al\/wp-content\/uploads\/2025\/07\/SnapInsta.to_AQMKpaxzbgwefU0BCL9Hb1zPga99Z5Ceo9o2bpGBKGrvnG1fZgPEyVCAu8CSqkVOp4d6m5Pbo-4qoA_gcdsZZQ3fQrGc6XzSfpH9Y7o.mp4\" \/><\/video><\/div><div class=\"w-video-icon\" style=\"font-size:1.5rem;background:rgba(0,0,0,0.5);color:#fff\"><\/div><\/div><\/div><\/div><\/div><\/div><\/div><\/section>","protected":false},"excerpt":{"rendered":"Koncerte Home\/PagesN\u00eb Ferma100, muzika nuk \u00ebsht\u00eb thjesht tingull, \u00ebsht\u00eb p\u00ebrjetim. Net\u00ebt me koncerte n\u00ebn yje, me artist\u00eb t\u00eb dashur dhe atmosfer\u00eb magjike, jan\u00eb momentet kur natyra dhe ritmi bashkohen. Na jeni bashkuar prej vitesh n\u00eb koncertet me emrat m\u00eb n\u00eb z\u00eb t\u00eb muzik\u00ebs shqiptare e jo vet\u00ebm, ndaj k\u00ebto evente jan\u00eb kthyer n\u00eb tradit\u00eb n\u00eb...","protected":false},"author":2,"featured_media":0,"parent":0,"menu_order":0,"comment_status":"closed","ping_status":"closed","template":"","meta":{"inline_featured_image":false,"footnotes":""},"class_list":["post-314","page","type-page","status-publish","hentry"],"_links":{"self":[{"href":"https:\/\/www.ferma100.al\/en\/wp-json\/wp\/v2\/pages\/314","targetHints":{"allow":["GET"]}}],"collection":[{"href":"https:\/\/www.ferma100.al\/en\/wp-json\/wp\/v2\/pages"}],"about":[{"href":"https:\/\/www.ferma100.al\/en\/wp-json\/wp\/v2\/types\/page"}],"author":[{"embeddable":true,"href":"https:\/\/www.ferma100.al\/en\/wp-json\/wp\/v2\/users\/2"}],"replies":[{"embeddable":true,"href":"https:\/\/www.ferma100.al\/en\/wp-json\/wp\/v2\/comments?post=314"}],"version-history":[{"count":0,"href":"https:\/\/www.ferma100.al\/en\/wp-json\/wp\/v2\/pages\/314\/revisions"}],"wp:attachment":[{"href":"https:\/\/www.ferma100.al\/en\/wp-json\/wp\/v2\/media?parent=314"}],"curies":[{"name":"wp","href":"https:\/\/api.w.org\/{rel}","templated":true}]}}

Koncerte Home/PagesNë Ferma100, muzika nuk është thjesht tingull, është përjetim. Netët me koncerte nën yje, me artistë të dashur dhe atmosferë magjike, janë momentet kur natyra dhe ritmi bashkohen. Na jeni bashkuar prej vitesh në koncertet me emrat më në zë të muzikës shqiptare e jo vetëm, ndaj këto evente janë kthyer në traditë në...
